{"id":33,"date":"2022-06-16T08:09:45","date_gmt":"2022-06-16T08:09:45","guid":{"rendered":"https:\/\/www.istanbularacikargo.com\/?page_id=33"},"modified":"2022-06-16T08:09:46","modified_gmt":"2022-06-16T08:09:46","slug":"hizmetlerimiz","status":"publish","type":"page","link":"https:\/\/www.istanbularacikargo.com\/?page_id=33","title":{"rendered":"H\u0130ZMETLER\u0130M\u0130Z"},"content":{"rendered":"\n<p>\u0130stanbul Arac\u0131 Kargo Hizmetlerimiz<\/p>\n\n\n\n<p>Adresten Al\u0131m<\/p>\n\n\n\n<p>Depolama<\/p>\n\n\n\n<p>Stoklama<\/p>\n\n\n\n<p>Paketleme<\/p>\n\n\n\n<p>Kargolama<\/p>\n\n\n\n<p>Kargo Takibi<\/p>\n\n\n\n<p>Cari hesap takibi<\/p>\n","protected":false},"excerpt":{"rendered":"<p>\u0130stanbul Arac\u0131 Kargo Hizmetlerimiz Adresten Al\u0131m Depolama Stoklama Paketleme Kargolama Kargo Takibi Cari hesap takibi<\/p>\n","protected":false},"author":1,"featured_media":0,"parent":0,"menu_order":0,"comment_status":"closed","ping_status":"closed","template":"","meta":{"footnotes":""},"class_list":["post-33","page","type-page","status-publish","hentry"],"yoast_head":"<!-- This site is optimized with the Yoast SEO plugin v26.2 - https:\/\/yoast.com\/wordpress\/plugins\/seo\/ -->\n<title>Kap\u0131da \u00d6demeli Kargo 0 212 269 70 33<\/title>\n<meta name=\"description\" content=\"\u0130stanbul Arac\u0131 Kargo olarak Hizmetlerimiz \u015eunlard\u0131r.&#039;&#039; Adresten al\u0131m,Depolama,Kargolama,Paketleme,Stoklama,Cari hesap takibi www.istanbularacikargo.com ileti\u015fim 0 212 269 70 33\" \/>\n<meta name=\"robots\" content=\"index, follow, max-snippet:-1, max-image-preview:large, max-video-preview:-1\" \/>\n<link rel=\"canonical\" href=\"https:\/\/www.istanbularacikargo.com\/?page_id=33\" \/>\n<meta property=\"og:locale\" content=\"tr_TR\" \/>\n<meta property=\"og:type\" content=\"article\" \/>\n<meta property=\"og:title\" content=\"Kap\u0131da \u00d6demeli Kargo 0 212 269 70 33\" \/>\n<meta property=\"og:description\" content=\"\u0130stanbul Arac\u0131 Kargo olarak Hizmetlerimiz \u015eunlard\u0131r.&#039;&#039; Adresten al\u0131m,Depolama,Kargolama,Paketleme,Stoklama,Cari hesap takibi www.istanbularacikargo.com ileti\u015fim 0 212 269 70 33\" \/>\n<meta property=\"og:url\" content=\"https:\/\/www.istanbularacikargo.com\/?page_id=33\" \/>\n<meta property=\"og:site_name\" content=\"\u0130stanbul Arac\u0131 Kargo\" \/>\n<meta property=\"article:modified_time\" content=\"2022-06-16T08:09:46+00:00\" \/>\n<meta property=\"og:image\" content=\"https:\/\/www.istanbularacikargo.com\/wp-content\/uploads\/2024\/12\/Kapida-Odemeli-kargo-gondermenin-avantajlari-nedir.png\" \/>\n\t<meta property=\"og:image:width\" content=\"1080\" \/>\n\t<meta property=\"og:image:height\" content=\"1080\" \/>\n\t<meta property=\"og:image:type\" content=\"image\/png\" \/>\n<meta name=\"twitter:card\" content=\"summary_large_image\" \/>\n<meta name=\"twitter:label1\" content=\"Tahmini okuma s\u00fcresi\" \/>\n\t<meta name=\"twitter:data1\" content=\"1 dakika\" \/>\n<script type=\"application\/ld+json\" class=\"yoast-schema-graph\">{\"@context\":\"https:\/\/schema.org\",\"@graph\":[{\"@type\":\"WebPage\",\"@id\":\"https:\/\/www.istanbularacikargo.com\/?page_id=33\",\"url\":\"https:\/\/www.istanbularacikargo.com\/?page_id=33\",\"name\":\"Kap\u0131da \u00d6demeli Kargo 0 212 269 70 33\",\"isPartOf\":{\"@id\":\"https:\/\/www.istanbularacikargo.com\/#website\"},\"datePublished\":\"2022-06-16T08:09:45+00:00\",\"dateModified\":\"2022-06-16T08:09:46+00:00\",\"description\":\"\u0130stanbul Arac\u0131 Kargo olarak Hizmetlerimiz \u015eunlard\u0131r.'' Adresten al\u0131m,Depolama,Kargolama,Paketleme,Stoklama,Cari hesap takibi www.istanbularacikargo.com ileti\u015fim 0 212 269 70 33\",\"breadcrumb\":{\"@id\":\"https:\/\/www.istanbularacikargo.com\/?page_id=33#breadcrumb\"},\"inLanguage\":\"tr\",\"potentialAction\":[{\"@type\":\"ReadAction\",\"target\":[\"https:\/\/www.istanbularacikargo.com\/?page_id=33\"]}]},{\"@type\":\"BreadcrumbList\",\"@id\":\"https:\/\/www.istanbularacikargo.com\/?page_id=33#breadcrumb\",\"itemListElement\":[{\"@type\":\"ListItem\",\"position\":1,\"name\":\"Anasayfa\",\"item\":\"https:\/\/www.istanbularacikargo.com\/\"},{\"@type\":\"ListItem\",\"position\":2,\"name\":\"H\u0130ZMETLER\u0130M\u0130Z\"}]},{\"@type\":\"WebSite\",\"@id\":\"https:\/\/www.istanbularacikargo.com\/#website\",\"url\":\"https:\/\/www.istanbularacikargo.com\/\",\"name\":\"\u0130stanbul Arac\u0131 Kargo\",\"description\":\"| (0212) 269 70 33  | Kap\u0131da \u00d6deme  |\",\"publisher\":{\"@id\":\"https:\/\/www.istanbularacikargo.com\/#organization\"},\"potentialAction\":[{\"@type\":\"SearchAction\",\"target\":{\"@type\":\"EntryPoint\",\"urlTemplate\":\"https:\/\/www.istanbularacikargo.com\/?s={search_term_string}\"},\"query-input\":{\"@type\":\"PropertyValueSpecification\",\"valueRequired\":true,\"valueName\":\"search_term_string\"}}],\"inLanguage\":\"tr\"},{\"@type\":\"Organization\",\"@id\":\"https:\/\/www.istanbularacikargo.com\/#organization\",\"name\":\"\u0130stanbul Arac\u0131 Kargo\",\"alternateName\":\"\u0130stanbul Arac\u0131 Kargo\",\"url\":\"https:\/\/www.istanbularacikargo.com\/\",\"logo\":{\"@type\":\"ImageObject\",\"inLanguage\":\"tr\",\"@id\":\"https:\/\/www.istanbularacikargo.com\/#\/schema\/logo\/image\/\",\"url\":\"https:\/\/www.istanbularacikargo.com\/wp-content\/uploads\/2023\/11\/IST-ARACI-KARGO.png\",\"contentUrl\":\"https:\/\/www.istanbularacikargo.com\/wp-content\/uploads\/2023\/11\/IST-ARACI-KARGO.png\",\"width\":344,\"height\":141,\"caption\":\"\u0130stanbul Arac\u0131 Kargo\"},\"image\":{\"@id\":\"https:\/\/www.istanbularacikargo.com\/#\/schema\/logo\/image\/\"}}]}<\/script>\n<!-- \/ Yoast SEO plugin. -->","yoast_head_json":{"title":"Kap\u0131da \u00d6demeli Kargo 0 212 269 70 33","description":"\u0130stanbul Arac\u0131 Kargo olarak Hizmetlerimiz \u015eunlard\u0131r.'' Adresten al\u0131m,Depolama,Kargolama,Paketleme,Stoklama,Cari hesap takibi www.istanbularacikargo.com ileti\u015fim 0 212 269 70 33","robots":{"index":"index","follow":"follow","max-snippet":"max-snippet:-1","max-image-preview":"max-image-preview:large","max-video-preview":"max-video-preview:-1"},"canonical":"https:\/\/www.istanbularacikargo.com\/?page_id=33","og_locale":"tr_TR","og_type":"article","og_title":"Kap\u0131da \u00d6demeli Kargo 0 212 269 70 33","og_description":"\u0130stanbul Arac\u0131 Kargo olarak Hizmetlerimiz \u015eunlard\u0131r.'' Adresten al\u0131m,Depolama,Kargolama,Paketleme,Stoklama,Cari hesap takibi www.istanbularacikargo.com ileti\u015fim 0 212 269 70 33","og_url":"https:\/\/www.istanbularacikargo.com\/?page_id=33","og_site_name":"\u0130stanbul Arac\u0131 Kargo","article_modified_time":"2022-06-16T08:09:46+00:00","og_image":[{"width":1080,"height":1080,"url":"https:\/\/www.istanbularacikargo.com\/wp-content\/uploads\/2024\/12\/Kapida-Odemeli-kargo-gondermenin-avantajlari-nedir.png","type":"image\/png"}],"twitter_card":"summary_large_image","twitter_misc":{"Tahmini okuma s\u00fcresi":"1 dakika"},"schema":{"@context":"https:\/\/schema.org","@graph":[{"@type":"WebPage","@id":"https:\/\/www.istanbularacikargo.com\/?page_id=33","url":"https:\/\/www.istanbularacikargo.com\/?page_id=33","name":"Kap\u0131da \u00d6demeli Kargo 0 212 269 70 33","isPartOf":{"@id":"https:\/\/www.istanbularacikargo.com\/#website"},"datePublished":"2022-06-16T08:09:45+00:00","dateModified":"2022-06-16T08:09:46+00:00","description":"\u0130stanbul Arac\u0131 Kargo olarak Hizmetlerimiz \u015eunlard\u0131r.'' Adresten al\u0131m,Depolama,Kargolama,Paketleme,Stoklama,Cari hesap takibi www.istanbularacikargo.com ileti\u015fim 0 212 269 70 33","breadcrumb":{"@id":"https:\/\/www.istanbularacikargo.com\/?page_id=33#breadcrumb"},"inLanguage":"tr","potentialAction":[{"@type":"ReadAction","target":["https:\/\/www.istanbularacikargo.com\/?page_id=33"]}]},{"@type":"BreadcrumbList","@id":"https:\/\/www.istanbularacikargo.com\/?page_id=33#breadcrumb","itemListElement":[{"@type":"ListItem","position":1,"name":"Anasayfa","item":"https:\/\/www.istanbularacikargo.com\/"},{"@type":"ListItem","position":2,"name":"H\u0130ZMETLER\u0130M\u0130Z"}]},{"@type":"WebSite","@id":"https:\/\/www.istanbularacikargo.com\/#website","url":"https:\/\/www.istanbularacikargo.com\/","name":"\u0130stanbul Arac\u0131 Kargo","description":"| (0212) 269 70 33  | Kap\u0131da \u00d6deme  |","publisher":{"@id":"https:\/\/www.istanbularacikargo.com\/#organization"},"potentialAction":[{"@type":"SearchAction","target":{"@type":"EntryPoint","urlTemplate":"https:\/\/www.istanbularacikargo.com\/?s={search_term_string}"},"query-input":{"@type":"PropertyValueSpecification","valueRequired":true,"valueName":"search_term_string"}}],"inLanguage":"tr"},{"@type":"Organization","@id":"https:\/\/www.istanbularacikargo.com\/#organization","name":"\u0130stanbul Arac\u0131 Kargo","alternateName":"\u0130stanbul Arac\u0131 Kargo","url":"https:\/\/www.istanbularacikargo.com\/","logo":{"@type":"ImageObject","inLanguage":"tr","@id":"https:\/\/www.istanbularacikargo.com\/#\/schema\/logo\/image\/","url":"https:\/\/www.istanbularacikargo.com\/wp-content\/uploads\/2023\/11\/IST-ARACI-KARGO.png","contentUrl":"https:\/\/www.istanbularacikargo.com\/wp-content\/uploads\/2023\/11\/IST-ARACI-KARGO.png","width":344,"height":141,"caption":"\u0130stanbul Arac\u0131 Kargo"},"image":{"@id":"https:\/\/www.istanbularacikargo.com\/#\/schema\/logo\/image\/"}}]}},"_links":{"self":[{"href":"https:\/\/www.istanbularacikargo.com\/index.php?rest_route=\/wp\/v2\/pages\/33","targetHints":{"allow":["GET"]}}],"collection":[{"href":"https:\/\/www.istanbularacikargo.com\/index.php?rest_route=\/wp\/v2\/pages"}],"about":[{"href":"https:\/\/www.istanbularacikargo.com\/index.php?rest_route=\/wp\/v2\/types\/page"}],"author":[{"embeddable":true,"href":"https:\/\/www.istanbularacikargo.com\/index.php?rest_route=\/wp\/v2\/users\/1"}],"replies":[{"embeddable":true,"href":"https:\/\/www.istanbularacikargo.com\/index.php?rest_route=%2Fwp%2Fv2%2Fcomments&post=33"}],"version-history":[{"count":1,"href":"https:\/\/www.istanbularacikargo.com\/index.php?rest_route=\/wp\/v2\/pages\/33\/revisions"}],"predecessor-version":[{"id":34,"href":"https:\/\/www.istanbularacikargo.com\/index.php?rest_route=\/wp\/v2\/pages\/33\/revisions\/34"}],"wp:attachment":[{"href":"https:\/\/www.istanbularacikargo.com\/index.php?rest_route=%2Fwp%2Fv2%2Fmedia&parent=33"}],"curies":[{"name":"wp","href":"https:\/\/api.w.org\/{rel}","templated":true}]}}